(-3 - (7 + i)). What is the highest common divisor of 32 and a?
8
Let h be (-3 - -5)/(-4)*-8. Suppose 4*p - 3*x = 73, -787*x = 2*p - 786*x - 49. Calculate the highest common factor of h and p.
2
Let n be (-6 - (-2)/1) + 1230 - 1. What is the highest common divisor of 70 and n?
35
Suppose -4*j = -3*z - 32, 0 = -4*j + 3*z - 2*z + 40. Let t be 3/(-1)*(7 - (23 - j)). Calculate the highest common divisor of t and 6.
3
Suppose -3499*k + 12 = -3498*k. Calculate the highest common factor of 8052 and k.
12
Let o = 2192 - 2192. Suppose 5*h = -9 - 21. Let b be (h - -7) + (o - -2) + 217. Calculate the greatest common factor of b and 20.
20
Suppose -5*y + 3*w - 453 = -1333, -3*w - 15 = 0. Let n be -1*2 - (-6 + (-3 - y)). Calculate the greatest common divisor of 36 and n.
36
Suppose -155*l + 202706 = -452489 - 81365. Calculate the greatest common factor of 16 and l.
16
Suppose -2*m + 4*s = 128, -4*m + 2*s + 28 = 266. Let q be m*((4 - 8) + 5). Let j = q + 154. Calculate the highest common factor of 64 and j.
32
Let i = 9 - -11. Let h = -209 - -222. Let l(k) = k**3 - 13*k**2 + 2*k + 4. Let g be l(h). What is the highest common divisor of i and g?
10
Let j(v) = 78*v - 14. Let x(n) = 39*n - 7. Let t(z) = -6*j(z) + 11*x(z). Let w be t(10). Let u = w + 608. Calculate the greatest common factor of 25 and u.
25
Let b(h) = -h**2 + 31*h + 11. Suppose -4*q - 78 = -4*i + 50, 0 = 5*i - 3*q - 156. Let t be b(i). What is the highest common factor of 1 and t?
1
Let v = 44 - 1. Suppose -8*o - 4*k = -4*o - 708, 0 = 2*o + 5*k - 369. What is the highest common factor of o and v?
43
Suppose -32*v + 7278 - 7972 = -50358. Calculate the highest common divisor of v and 8.
8
Suppose 6557 = 45*r + 1787. Calculate the greatest common divisor of r and 4982.
106
Suppose 116*h = 412*h - 181152. Calculate the highest common factor of h and 374.
34
Let a = 11899 + -11889. Let q = -384 + 544. What is the highest common factor of a and q?
10
Suppose 763 = 2*g + 3*y - 319, -5*y = -3*g + 1642. What is the highest common divisor of 64 and g?
32
Let d be 56 - 2/(6 - 7). Suppose 46*f - 32*f = 406. What is the greatest common factor of d and f?
29
Let k be 1*-1 + (-39)/(-3). Let i be (-24)/36*846/(-4). Suppose -3*g = -o + 45, o - i = -2*o + 3*g. What is the highest common divisor of o and k?
12
Suppose 3*k - 17 = 2*d + 2*k, 0 = 3*d + 2*k + 29. Let f be (6/4)/(((-9)/2)/d). Let c be (6 + -2 - f)*6. What is the highest common divisor of c and 6?
6
Let b be 5/(-8) - 3362541/(-904). What is the greatest common divisor of b and 1?
1
Let m = -27 - -57. Suppose 0 = 10*p - 15 - 95 - 240. Calculate the highest common divisor of m and p.
5
Let x be -7 + (-7995)/(-3) - -2. Suppose -14*t = -2716 - x. Calculate the greatest common divisor of 12 and t.
12
Let h = 4 + 4. Suppose 3*d - h = 13. Suppose -110 = -4*w + 30. What is the highest common divisor of w and d?
7
Let q be -15 + 137 - 1 - 0. Calculate the greatest common factor of 11 and q.
11
Let o = 22 - -2. Let d = 54 - o. What is the highest common divisor of 3 and d?
3
Let a(h) = h + 9. Let r be a(-10). Let v = r + 27. Let n = 38 - v. What is the greatest common divisor of n and 3?
3
Suppose 0 = -103*t - 6*t + 463754 - 32877. What is the greatest common factor of 118 and t?
59
Let m be 53 + 5 - (30/5 + -1). Calculate the greatest common factor of 5353 and m.
53
Suppose 8*p - 24 = 296. Suppose -3*z + 0 + 21 = 0. Suppose 0 = -3*w + z*w - p. What is the greatest common divisor of 110 and w?
10
Suppose -m = -9 - 5. Let u = -13 + m. Let t be u*(-72)/(-4) - (-1 + 4). Calculate the greatest common factor of 6 and t.
3
Let p = 720 + -701. Suppose 453 = p*j - 421. What is the greatest common factor of 1380 and j?
46
Suppose -20 = 11*d - 9. Let x be (30/(-35))/(d + (-68)/(-70)). What is the greatest common factor of 240 and x?
30
Let g(b) = 4*b + 32. Let n be g(11). Suppose -3*l = -2*w - 52, l = -2*l + 12. Let p be (1 + 0)/(-1) - w. Calculate the greatest common divisor of p and n.
19
Suppose 0 = -149*u + 36094 + 113. What is the highest common factor of 621 and u?
27
Let d(s) = 8*s - 249. Suppose -1547*t - 132 = -1551*t. Let q be d(t). What is the greatest common factor of 30 and q?
15
Let x = -86 - -230. Suppose -7*m - 4033 = -4145. What is the greatest common factor of x and m?
16
Let h be (-12 + -1)*(-5)/1. Let x be (-193)/(-5) + (-28)/1750*-25. Calculate the greatest common divisor of h and x.
13
Suppose 0 = -35*y + 280480 + 94440. What is the highest common factor of 104 and y?
104
Let n = -1733 + 1837. Calculate the greatest common factor of 390 and n.
26
Let u(t) = 442*t - 224. Let z be u(3). What is the greatest common divisor of 266 and z?
38
Suppose -25 = -5*j, 4*r = 2*r + j + 3. Suppose a + 88 = 4*a - 2*v, -r*v = -4*a + 120. Let i = 576 - 352. What is the greatest common divisor of a and i?
28
Let v(x) = -x**2 + 81*x - 43. Let h be v(38). Suppose -3*d + 4*l + 115 = 0, 3*d + 0*l - 116 = 5*l. What is the highest common divisor of h and d?
37
Let b = -1386 + 1393. What is the greatest common factor of b and 553?
7
Let t(l) = -l**3 + 60*l**2 - 621*l - 18. Let f be t(16). Calculate the highest common divisor of f and 10.
10
Let v(t) = t**2 + 9*t - 18. Let h be v(-9). Let c be h/(-5)*15/3. Let i be 3*14/1*3. What is the greatest common divisor of c and i?
18
Let y(z) = 24*z**2 + 184*z - 548. Let j be y(3). What is the highest common divisor of 649 and j?
11
Let k be (-19)/475 - (-2107)/175. What is the greatest common divisor of k and 906?
6
Suppose -5*r + 8753 = -z, 244*r + 3*z = 240*r + 6991. Calculate the greatest common factor of 14 and r.
14
Let f(v) = -10*v**3 - 4*v**2 + 40*v + 45. Let d be f(-1). Let h(t) = t**2 + 4*t + 6. Let o be h(6). What is the highest common factor of o and d?
11
Suppose 90*g - 88*g + 642 = 5*s, 513 = 4*s - g. Let f be 80/(-14) - 6/21. Let c be 388/24 - (-1)/f. Calculate the highest common divisor of s and c.
16
Let s = 29 + 28. Suppose 5*n = 4*t - 183, -15*n = 4*t - 19*n - 192. What is the highest common divisor of s and t?
57
Suppose -6 = -d - y + 8, 4*d - 4*y - 16 = 0. Let i be (-513)/9*(-12)/d. Let o = i - 67. Calculate the greatest common divisor of o and 15.
3
Let c be ((-6)/(-4))/((-2)/(-56)). Let l = -22 + c. Let o(r) = -2437*r + 12205. Let k be o(5). Calculate the highest common factor of k and l.
20
Let n be (-1 + 51)*((-61)/(-4) + 198/264). Let s be (-10)/(10/2) - -34. What is the greatest common divisor of s and n?
32
Suppose 0 = 35*w - 40*w + 185. Let j(p) = 24 + 9*p**2 + 0*p**3 + 12*p - 23*p**2 - p**3 + 2*p**2. Let q be j(-13). What is the highest common factor of q and w?
37
Suppose -17*a + 10*a = -784. Let l(y) = -7*y - 3. Let c be l(-2). Let g(r) = 2*r - 8. Let w be g(c). Calculate the greatest common divisor of a and w.
14
Suppose -4*r = -57 - 7. Let z = -20487 - -20535. What is the highest common divisor of z and r?
16
Let d = -1817 + 2858. Suppose m = -15 + 14, -3*m + d = 4*f. What is the greatest common factor of 27 and f?
9
Suppose 12*w = 60 - 0. Let y be 5 - (w + -12) - 2. What is the greatest common factor of y and 45?
5
Suppose -20 = -5*l - 0*l. Let w be (-3 - 68/(-20))/((-18)/(-2880)). Calculate the greatest common divisor of l and w.
4
Let z = -23241 + 23282. Suppose 0 = 3*j - g - 242, 2*j = 2*g + g + 152. Calculate the highest common divisor of z and j.
41
Suppose 16*o + 3*o - 58558 = 0. Let a be 9/(-63) + o/14. Calculate the highest common divisor of 88 and a.
44
Let f(s) = -s**2 + 27*s - 124. Let n be f(7). Suppose 4*i - 38 = m - 4*m, -2*m = 5*i - n. Calculate the highest common factor of 6 and m.
6
Let t = -14742 - -14750. What is the greatest common factor of 638 and t?
2
Let d = 1539 - 1435. What is the highest common divisor of d and 1820?
52
Let j = -42 - -50. Let o(f) = f**3 - 9*f**2 + 11*f + 2. Let b be o(j). Suppose g - b + 22 = 0. What is the greatest common factor of 16 and g?
4
Suppose -2*j + 432 = -5*o, -3*o - 218 = -j - 2. Suppose -a + 3*y = -10 + 64, j = -4*a + 3*y. Let g = a - -67. Calculate the greatest common factor of 39 and g.
13
Let z(k) = -k**3 + 9*k**2 + 25*k - 28. Let n be z(9). Let y = -116 + n. Calculate the highest common factor of y and 9.
9
Suppose -12*m - 59*m = -25773. Let r = 14 + 12. Let q = 7 + r. Calculate the greatest common factor of q and m.
33
Suppose 4*k + 3